1 + -89
-11
Evaluate 9 + (55 + -1 - ((4 - 0) + 10)).
49
What is the value of 28 - (21 + (-13 - (11 + -8)))?
23
Evaluate -23 + -37 + 38 + 34.
12
-34 + 99 + (-33 - 23)
9
What is the value of -13 + (10 - -11) + (-16 - 1) - 0?
-9
What is 32 - -108 - ((0 - 6) + 39)?
107
What is 145 + (82 - 117) - 20?
90
What is the value of -41 + 74 - (11 - -32)?
-10
Calculate -1 + (-104 - 19) - (343 + -315).
-152
What is 55 - (40 + 0 - (488 - 462))?
41
Evaluate -41 - (6 - 107) - 46 - -117.
131
-18 + (-20 - -1 - 1) + 19
-19
Calculate (-4 - (5 + -10 + 3)) + (22 - 42).
-22
(3 + 69 - 223) + 261
110
Evaluate (-87 - (10 + -9)) + 56 + -45.
-77
What is the value of 96 - 2 - (410 - 360)?
44
2 + -58 - (31 + -30 - (0 - -2))
-55
-53 - (-16 + -19 - (-12 + 6))
-24
What is (9 - -8 - (10 - 21 - (-2 + -1))) + -9?
16
(-38 - -1) + (-403 - -442) - 86
-84
What is the value of (-2 + -1 - (-1 - (-25 - -21))) + 37?
31
What is -74 + 34 + -35 + 42?
-33
Evaluate 134 - -49 - 95 - 140.
-52
What is -88 - (-2 + 34 - 63)?
-57
-2 + (18 - 11) + 9 + 0
14
Evaluate -1 + (1 - 2) + 132 + -126.
4
Evaluate 49 + -103 + 183 + -96.
33
-1 - 1 - (4 + 101 - 79)
-28
What is the value of -6 + (4 - (-3 + -6)) - (-30 + 27)?
10
Evaluate 13 + 55 + (-71 - 0).
-3
-9 - ((18 - (-67 - -37)) + -106)
49
Evaluate 78 - 4 - (4 + (11 - 9)) - 5.
63
Calculate (19644 - 19476) + -70 + 0.
98
Calculate -64 + 84 + (-7 - 4) + 12.
21
What is (-6 - (5 - 15)) + -56 + 156 + 6?
110
What is the value of 7 + (84 - (1001 - 1010 - (-2 + (-8 - 2))))?
88
-1 + 9 + (14 - (-14 - -48) - -14) - -1
3
Calculate 2 + -20 + -12 + (32 + -28 - -88).
62
What is the value of (-106 - (16 + -25)) + 107?
10
Calculate 9 + 2 - ((65 - 1) + -26).
-27
What is 0 + 2 + 16 + 60 + -55 + -13?
10
-11 + (-3 - -107) + (-2 + 11 - (275 + -262))
89
98 - (16 + -47 - -67)
62
What is the value of 37 - (7 + (43 - 27) + -13 + (1 - 0))?
26
Evaluate (86 - -2 - -9) + -4 + 4 + -6 + 7.
98
What is -72 - ((159 - 128) + (-53 - -3))?
-53
Evaluate 12 - (14 - (-49 + 98)).
47
18 + -10 + -3 + -6 - (6 - 3)
-4
Calculate -3 + 41 + -21 + -10 + (-10 - -50).
47
What is 113 - 254 - (114 - 148)?
-107
What is the value of (14 - 25) + (-72 - 6) + 5 + -3?
-87
(13 + (-25 - -28) - (6 + 0)) + 12
22
9 - ((4 - -1) + 30 + -47 - -8)
13
Calculate -78 + (-106 - (-152 - 84)).
52
What is the value of 98 + -133 - (26 - 27)?
-34
-15 + (-10 - -6) + 1 + 16
-2
Evaluate (74 - 20) + -22 + -27 - (0 + (3 - -115)).
-113
Evaluate -3 + 3 + 113 - (259 - 198 - 81).
133
Calculate (26 - ((18 - 9) + -5 - -6)) + -14.
2
Evaluate 112 - ((46 - 15) + 28).
53
Evaluate (-1 + 1 - (18 + -83)) + -4 + -1.
60
What is the value of -23 + 12 + 2 - (19 - (9 + 79))?
60
What is the value of 14 + -17 + -7 + (-3 - 3 - -29)?
13
What is 27 - (-36 + (24 - 49) + 51)?
37
(-37 + 16 - -4 - -71) + -16
38
Evaluate (-10 - (5 + -2 + 0 + -43)) + 0 + 10.
40
What is the value of (2 - 8) + 28 + (15 - (-6 + 13))?
30
What is -126 + 145 + (-103 - -17)?
-67
Calculate (-1 - -2 - (-6 + 7 + 2)) + -471 + 420.
-53
What is 18 - (-11 + 21) - (56 - 35)?
-13
Evaluate (4 - 8) + ((24 - 7) + -7 - (54 - 1)).
-47
What is 20 + (10 + 5 - (0 - 25))?
60
-132 - (142 + -145 - (-2 - -14 - -1))
-116
What is the value of 29 + (51 - (152 + -48))?
-24
What is -114 + 17 - (-21 - (-31 - (-20 - 2)))?
-85
What is the value of 7 - 80 - -74 - (1 - 64)?
64
(22 + (19 - 3) - 9) + -3
26
Calculate 0 - (42 + (-29 - -4)) - -44.
27
What is (-100 - (5 + -3 + -1)) + 39 + (-56 - -22)?
-96
What is the value of 6 + -1 - (1333 + -1348)?
20
Calculate 75 - (1 + -1) - ((37 - (-66 - -41)) + -54).
67
What is the value of (-5 - 23) + (25 - 40)?
-43
Evaluate (-34 + 30 - (-23 - -2)) + -3 + (0 - -12).
26
Evaluate (42 - -2) + (161 - 184) + -42 + 6.
-15
What is -44 - ((-68 - -11) + -54)?
67
What is -38 + 8 + -9 + 5 + 5 + (-6 - 1)?
-36
-63 - (-11 - (3 + 24 + -32) - (-1 + 3))
-55
What is the value of (2 - 42) + (-807 - -798)?
-49
Evaluate -3 + 32 + 50 + -3.
76
17 + -12 - ((1 - -5) + (-29 - -13) + 79)
-64
Calculate -22 - (21 - 70 - -17) - (2 - 2).
10
What is -40 + (10 - (10 + 57 + -32))?
-65
-55 - ((120 - 90) + -82)
-3
What is 5 - -88 - 49 - 40?
4
What is -17 - (38 + 0 - (-297 + 316))?
-36
(1 - -10) + (-5 - -12 - 13) + -33
-28
Evaluate 72 - (-13 + 0 + 113).
-28
Evaluate -72 - (1 + (4 - 23 - -14) + 1).
-69
(-52 - -6) + 20 + -8 + (34 - 12)
-12
What is 37 + 8 + -23 + (-8 - (4 + -16))?
26
What is the value of 273 + -228 - (17 + 1)?
27
Evaluate (4 - 90) + 144 - 112.
-54
(18 - 0) + (-21 - 81 - -107)
23
Calculate 37 + 134 + -55 - (32 + 0).
84
What is the value of -20 + ((-99 - -24) + 27 - 7)?
-75
What is the value of 51 - (18 - (22 - 4 - (4 + 9)) - 7)?
45
Calculate -40 - (-99 - 12) - 30.
41
1 - -13 - (0 + 31 - (7 - 26 - -41))
5
What is (-64 + -37 - -140) + 55?
94
What is the value of (-123 - -142 - (20 + (2 - 1))) + -27?
-29
What is 8 - (-2032 + 1996 + -1 + 29)?
16
Calculate (11 - -12) + 23 + -4.
42
Calculate 67 + (-60 - -1) - 33.
-25
What is -2 - ((9 - (4 + -31)) + -10 + -9)?
-19
(21 - (12 + -4 + -4 + -3 + 3)) + 7
24
What is the value of 86 - 65 - ((-12 - 1) + 11)?
23
(-12 - (51 + -24 - 80)) + 22
63
Evaluate -12 - 14 - -12 - -3.
-11
Calculate -4 + (-2 + 1 + -5 - -46 - (-79 + 74)).
41
Calculate (-1394 - -1317) + (1 - -63).
-13
What is (1 - 53) + (-1 - 1) - (305 + -282)?
-77
-176 - -227 - (63 - -1)
-13
What is (-7 - 5 - -127) + -28?
87
(-22 + 22 - -17) + -56
-39
-27 + 56 + (4 - 5 - 5 - -4) + -2
25
What is the value of 0 + -2 - (26 - (-89 - (-20 - (-25 - -5))))?
-117
What is 64 - 5 - ((1 - 0) + 0 + (-351 - -347))?
62
Calculate 6 - (-8 + 3 - -2) - (-16 - -2).
23
Calculate 11 + -37 + 37 + -42 + (1 - -2).
-28
What is -45 + (67 - 53 - -8)?
-23
Evaluate 22 + (-1 - (3 + -3 - 3 - (-3 - -1))).
22
Evaluate -15 - -3 - ((0 + 7 - (39 + -13)) + 65).
-58
-28 + (10 - (19 - (36 + -19)))
-20
Calculate -7 + (-9 - (18 - 12) - 87) + 14.
-95
What is the value of -128 + (231 - 90) + (-1 - 17)?
-5
What is 54 + (-1 + 1 + 0 - (12 - -24 - 33))?
51
What is the value of 80 + 69 + -69 + -60?
20
(-1 + 3 - (117 + -9 - -8)) + -3270 + 3274
-110
-6 - ((16 + 0 - 7) + (3 - -42) + 3)
-63
-5 - -14 - -10 - (-51 + 62)
8
Calculate 54 + 23 - 56 - 101.
-80
Calculate 65 + -146 + (136 - -24).
79
Evaluate 0 + -13 + 8 + (-5 - -4) + 10 + 76.
80
What is (25 - 39 - -5) + -12 + -18?
-39
What is the value of (3 + -4 - (11 + -8)) + (11 - (-19 + 7))?
19
Evaluate (-94 - -50 - -14) + (-21 - 2).
-53
Evaluate -151 + (227 - -20) + -65.
31
Calculate (1 - 0 - (-8 - (11 - (15 + -4)))) + -67.
-58
What is -19 - ((1 - -16) + (6 - 22))?
-20
Calculate 28 + (47 - (-4 + 42)) + -87.
-50
Calculate (-2 - (17 - 2)) + (481 - 449) - (-67 - 0).
82
What is (-1268 - -1254) + (48 - 1)?
33
Calculate 134 + 2 + (66 - 66) + (1 - 3) + -11.
123
What is -17 + 38 + -12 + -56?
-47
What is (8512 - 8489) + (-44 - -1)?
-20
11 + (-127 + 31 + 3 - (-2 - 6)) + 6
-68
What is 6 + (-162 - -180) + -44?
-20
Calculate 30 + -51 + -1 + -18 - 13.
-53
What is the value of 5 - (1 - -17) - -72 - -2?
61
What is -12 + -5 - -29 - (0 + 2 - -4)?
6
What is the value of -2 + 4 + (-12 + -3 - (-10 + (14 - -3)))?
-20
Calculate (27 - (26 + -1)) + -10 + (5 - 3).
-6
What is -169 - -181 - (-6 - -10 - -16)?
-8
Calculate 1 - 17 - (-18 - (-191 + 178 - (7 + -1))).
-17
What is 15 + (18 - (14 + -11 + 67))?
-37
Calculate (6 - (3 - 3)) + (-2 - 4 - 42).
-42
Calculate -73 + (-22 - -49) - -2.
-44
27 + -26 + (-63 - (0 - 9))
-53
Calculate 49 + (49 - 11 - 56).
31
Evaluate 7 - (-286 - -272 - (1 + 3 + -15)).
10
Calculate -33 - (-10 - -3 - 1 - (-18 + 27) - -8).
-24
What is the value of -3 - (6 + (0 - -3)) - (206 - 209)?
-9
Evaluate (-2 - 4 - -2) + 58 + -10 + 30 + -48.
26
What is -14 + 10 - (81 - 68) - (14 - 1)?
-30
What is -808 + 799 - (-1 - (85 - 2) - (14 - 17))?
72
What is 37 - (-17 + (52 - 59))?
61
Evaluate -78 + (-157 - -250) - (-16 - -1).
30
What is the value of -22 + -51 + 76 + 89 + (1 - 8) + 1?
86
-59 - 4 - (-5 + 19 + (-32 - -20))
-65
17 - (-4 + (-2 - (2 - 9))) - 13
3
Evaluate -19 - (-26 + 16 + 9 + -47).
29
What is the value of -29 + 10 + (1 - -2) + 99 + -104?
-21
Evaluate 14 - (-17 + (32 + -9 - -45)).
-37
Evaluate 53 - (32 + 57) - -49 - (-68 - 1).
82
What is the value of 15 + (-30 - (-10 + -18)) - (-1 + -14)?
28
Calculate -50 - (-76 + 149 - 137).
14
Calculate -77 + 65 + 1 + -7 + 13 + 23.
18
What is the value of -51 + 10 - ((-678 - -681) + 0 + 1)?
-45
What is th